 is -3790614 (base 11) in base 10?
-6574550
What is -174597 (base 12) in base 15?
-7e071
-35748860 (base 9) to base 15
-17eb073
What is -3689 (base 10) in base 14?
-14b7
What is -100110001111100000 (base 2) in base 11?
-a7760
-730063 (base 13) to base 16
-28f78f
What is 2211100020212 (base 3) in base 15?
1ea36e
What is -660645 (base 8) in base 5?
-24042410
Convert 4183c (base 13) to base 6.
2305324
Convert b9ba0 (base 16) to base 7.
6315614
Convert 869855 (base 11) to base 5.
323424021
451406 (base 8) to base 16
25306
What is -4515260 (base 9) in base 6?
-124040343
-1546a (base 15) to base 14
-1ad6c
-260961 (base 13) to base 9
-1644810
-2ec83 (base 16) to base 11
-120a6a
-6243501 (base 7) to base 10
-750387
-5009751 (base 12) to base 11
-8489615
203003021 (base 5) to base 8
3122137
192400 (base 10) to base 14
5018c
388190 (base 10) to base 16
5ec5e
Convert 84610 (base 14) to base 3.
121020021010
-214100103 (base 5) to base 11
-581a95
-42313220 (base 5) to base 4
-1112132021
1a259a2 (base 11) to base 16
342c49
What is 2041113413 (base 5) in base 3?
21222100021111
-41a81 (base 16) to base 4
-1001222001
Convert -d16ac (base 15) to base 8.
-2416744
d8c63 (base 15) to base 5
134003133
4f3046 (base 16) to base 5
2312032302
Convert -3563453 (base 7) to base 10.
-452651
Convert c84a4 (base 13) to base 10.
361118
4542403 (base 6) to base 11
148833
3310131112 (base 4) to base 6
33243354
What is -1400ac (base 15) in base 7?
-11114526
-176137 (base 9) to base 4
-122232121
What is -601620 (base 12) in base 10?
-1495608
31204004 (base 6) to base 13
257c68
Convert -37685 (base 13) to base 16.
-18f29
10100221222111 (base 3) to base 16
1b51ca
11624120 (base 7) to base 11
656644
Convert -3609379 (base 11) to base 3.
-102211201221112
Convert 145014300 (base 6) to base 14.
590032
130450124 (base 7) to base 3
120122102122222
31400013 (base 5) to base 9
440075
1246066 (base 8) to base 7
2644134
What is -210010120021 (base 3) in base 12?
-18085a
7b0754 (base 12) to base 9
3633621
-6280c (base 14) to base 11
-152538
Convert -110332033 (base 5) to base 15.
-9747d
Convert -195361 (base 12) to base 14.
-b8053
What is 44421002 (base 5) in base 8?
1367415
10010010011000011 (base 2) to base 4
102103003
-11321320 (base 4) to base 15
-7274
Convert d0c2 (base 14) to base 5.
2121332
What is -2366877 (base 10) in base 6?
-122421433
289086 (base 11) to base 12
199207
Convert -50245 (base 8) to base 5.
-1130040
What is -11000011010101101 (base 2) in base 11?
-69161
-32410255 (base 6) to base 7
-11131145
Convert -1220102110021 (base 3) to base 11.
-631517
12011312112 (base 4) to base 10
1596822
What is 1131432 (base 5) in base 10?
20867
What is 1362534 (base 8) in base 14?
a0b5a
Convert 46b326 (base 14) to base 3.
11112120110111
Convert -20132423 (base 5) to base 11.
-100471
Convert 202330120 (base 4) to base 3.
21021100001
What is 12010120111002 (base 3) in base 4?
22121321312
What is -177a0c (base 16) in base 2?
-101110111101000001100
-104012421 (base 5) to base 3
-212001220221
Convert 2137370 (base 8) to base 13.
170b76
Convert c48089 (base 13) to base 11.
2653689
Convert -140140320 (base 6) to base 12.
-b376a0
Convert 2543442 (base 7) to base 4.
1100213100
Convert -113444 (base 9) to base 14.
-1aba9
23c84 (base 16) to base 6
3050312
92415 (base 12) to base 2
101110100011010001
Convert -135001 (base 7) to base 11.
-18368
3110453 (base 6) to base 8
443341
What is -1100010100101101110110 (base 2) in base 15?
-43c322
-53041 (base 12) to base 14
-2b997
What is 365399 (base 15) in base 12?
a54469
What is 16166002 (base 7) in base 5?
400001320
What is 42523 (base 9) in base 3?
1102120210
-3acd2d (base 14) to base 6
-111324421
Convert 71b17 (base 12) to base 4.
210100003
Convert 3386699 (base 10) to base 7.
40533521
-20470 (base 16) to base 11
-9036a
What is -8713d (base 16) in base 10?
-553277
Convert 44491 (base 13) to base 7.
1024003
What is -297954 (base 16) in base 6?
-134131300
What is -50664 (base 14) in base 15?
-3c449
What is -f4a1c (base 16) in base 8?
-3645034
Convert 100111111101110011 (base 2) to base 8.
477563
Convert -12021210012 (base 3) to base 14.
-29d10
14d74c (base 15) to base 16
f5f25
What is -102204112 (base 5) in base 9?
-723005
Convert -3230335 (base 11) to base 12.
-1a9b819
What is -30411223 (base 7) in base 16?
-26c4ac
65029a (base 11) to base 12
421932
Convert -c135a (base 14) to base 11.
-297a06
What is -10047785 (base 10) in base 16?
-995129
Convert 75158 (base 10) to base 8.
222626
Convert 19f31d (base 16) to base 9.
3171746
What is 1001100110010000101 (base 2) in base 8?
1146205
What is 61529c (base 13) in base 10?
2267771
27465 (base 11) to base 5
2223104
5b6c0a (base 14) to base 9
5801237
Convert 35220410 (base 6) to base 11.
685a76
11716ba (base 13) to base 4
110212230301
Convert -111312120 (base 4) to base 5.
-10330441
What is -23006411 (base 7) in base 9?
-3681562
Convert -3010323311 (base 4) to base 15.
-10e015
Convert -2032120113 (base 5) to base 6.
-225302351
Convert -1100525342 (base 6) to base 4.
-231000312332
What is 12233211 (base 5) in base 9?
188684
105556 (base 7) to base 9
27717
What is -1323213032 (base 4) in base 12?
-205012
What is -46050215 (base 8) in base 11?
-56a8770
What is 112110011101 (base 3) in base 13?
9c601
Convert -31343231 (base 6) to base 15.
-1314ca
Convert -113230200 (base 4) to base 16.
-17b20
What is 769027 (base 11) in base 2?
100101011100111001011
Convert 5431251 (base 6) to base 9.
448384
What is -99a798 (base 14) in base 13?
-1107980
-620546 (base 7) to base 8
-316703
-355553 (base 7) to base 16
-fba8
Convert 1032301312 (base 4) to base 11.
200484
-324043514 (base 6) to base 5
-2440310431
What is -5a31 (base 11) in base 5?
-223044
What is -46620 (base 10) in base 4?
-23120130
Convert 210377 (base 8) to base 7.
410516
113433231 (base 5) to base 16
81809
25a559 (base 13) to base 9
1633830
-313201333 (base 4) to base 13
-7c6b7
Convert 554103320 (base 6) to base 14.
1481a48
Convert -757166 (base 8) to base 14.
-68594
1120201101 (base 4) to base 12
1559a9
-5570ab (base 13) to base 7
-23061011
-67078 (base 11) to base 15
-1dc33
Convert 22200101001012 (base 3) to base 6.
242513052
What is 14442320 (base 7) in base 16?
14eeaa
-1001020031 (base 4) to base 8
-1011015
What is -1022303445 (base 6) in base 2?
-101001000001101111010101
Convert -cc0 (base 13) to base 11.
-1706
What is a0678 (base 11) in base 14?
3b91b
-157275 (base 8) to base 11
-39928
Convert -3344022 (base 5) to base 16.
-e77e
742482 (base 9) to base 13
125c12
What is 689680 (base 10) in base 6?
22440544
Convert 30134321 (base 5) to base 6.
5050533
-2000033003 (base 4) to base 12
-213b6b
-10304063 (base 8) to base 15
-2d61da
What is 101520165 (base 7) in base 11?
3409430
Convert -31916 (base 14) to base 16.
-1d3e0
What is 14651407 (base 9) in base 13?
16863b5
What is -349355 (base 11) in base 12?
-228807
1332003120 (base 4) to base 3
222020020200
What is -1e5300 (base 15) in base 8?
-5525553
-13467763 (base 8) to base 4
-23212333303
What is 21000222221 (base 3) in base 9?
230887
Convert 8153f (base 16) to base 8.
2012477
What is 270501 (base 8) in base 7?
542411
What is -1c7bb (base 13) in base 7?
-323013
What is 5206015 (base 7) in base 6?
21212321
Convert -578213 (base 10) to base 2.
-10001101001010100101
What is 11101010111010101 (base 2) in base 7?
1010443
What is 1555245 (base 7) in base 3?
101221122210
What is 110102021110 (base 3) in base 2?
111011101011000000
What is -461364 (base 7) in base 6?
-1432230
What is 202341 (base 10) in base 11?
129027
-1950100 (base 11) to base 2
-1100100100010010001010
-20666 (base 14) to base 2
-10011000100010010
Convert -305201 (base 7) to base 3.
-2122122122
What is -322502540 (base 6) in base 15?
-783383
2a57b40 (base 13) to base 3
221110020001210
230322120 (base 5) to base 15
15425a
Convert -44abba (base 16) to base 8.
-21125672
Convert 104010041 (base 5) to base 13.
12b706
What is ae051 (base 16) in base 15?
e12e0
-10576188 (base 9) to base 3
-100122120012222
What is 497008 (base 13) in base 5?
422220413
7a7a (base 16) to base 9
47007
1e1a4 (base 15) to base 10
98254
-26aa274 (base 12) to base 11
-4382658
-333332524 (base 6) to base 2
-10111000100001100000100
Convert -3112055 (base 6) to base 15.
-2e472
Convert 